


{"id":8466,"date":"2025-04-04T09:58:44","date_gmt":"2025-04-04T07:58:44","guid":{"rendered":"https:\/\/www.zupa-ubdm-biskupec.hr\/?page_id=8466"},"modified":"2025-04-04T10:37:00","modified_gmt":"2025-04-04T08:37:00","slug":"najave-dogadanja-list","status":"publish","type":"page","link":"https:\/\/www.zupa-ubdm-biskupec.hr\/?page_id=8466","title":{"rendered":"Najave doga\u0111anja"},"content":{"rendered":"\t\t<div data-elementor-type=\"wp-page\" data-elementor-id=\"8466\" class=\"elementor elementor-8466\">\n\t\t\t\t\t\t<section class=\"elementor-section elementor-top-section elementor-element elementor-element-0f0cd0b elementor-section-full_width elementor-section-height-default elementor-section-height-default\" data-id=\"0f0cd0b\" data-element_type=\"section\" data-e-type=\"section\">\n\t\t\t\t\t\t<div class=\"elementor-container elementor-column-gap-narrow\">\n\t\t\t\t\t<div class=\"elementor-column elementor-col-100 elementor-top-column elementor-element elementor-element-8ee7b45\" data-id=\"8ee7b45\" data-element_type=\"column\" data-e-type=\"column\">\n\t\t\t<div class=\"elementor-widget-wrap\">\n\t\t\t\t\t\t\t<\/div>\n\t\t<\/div>\n\t\t\t\t\t<\/div>\n\t\t<\/section>\n\t\t\t\t<section class=\"elementor-section elementor-top-section elementor-element elementor-element-f54b083 elementor-section-boxed elementor-section-height-default elementor-section-height-default\" data-id=\"f54b083\" data-element_type=\"section\" data-e-type=\"section\">\n\t\t\t\t\t\t<div class=\"elementor-container elementor-column-gap-narrow\">\n\t\t\t\t\t<div class=\"elementor-column elementor-col-100 elementor-top-column elementor-element elementor-element-855e5c8\" data-id=\"855e5c8\" data-element_type=\"column\" data-e-type=\"column\">\n\t\t\t<div class=\"elementor-widget-wrap elementor-element-populated\">\n\t\t\t\t\t\t<div class=\"elementor-element elementor-element-83dc491 elementor-widget__width-auto elementor-widget elementor-widget-shortcode\" data-id=\"83dc491\" data-element_type=\"widget\" data-e-type=\"widget\" data-widget_type=\"shortcode.default\">\n\t\t\t\t<div class=\"elementor-widget-container\">\n\t\t\t\t\t\t\t<div class=\"elementor-shortcode\">      <div id=\"post-grid-lazy-8464\" class=\"post-grid-lazy\"><img decoding=\"async\" alt=\"\" src=\"\" \/><\/div>\n    <script>\n      jQuery('#post-grid-lazy-8464').ready(function($) {\n        $('#post-grid-lazy-8464').fadeOut();\n        $('#post-grid-8464   ').fadeIn();\n      })\n    <\/script>\n    <style type=\"text\/css\">\n      #post-grid-8464 {\n        display: none;\n      }\n\n      .post-grid-lazy {\n        text-align: center;\n      }\n    <\/style>\n    <div data-options='{&quot;id&quot;:&quot;8464&quot;,&quot;lazy_load&quot;:&quot;yes&quot;,&quot;masonry_enable&quot;:&quot;no&quot;,&quot;view_type&quot;:&quot;grid&quot;}' id=\"post-grid-8464\" class=\"post-grid grid\">\n    \n\n\n    <div class=\"grid-items\">\n      <div class=\"item item-20641 skin flat even 0 \">\n        <div class=\"layer-wrapper layout-\">\n        <div class=\"layer-media\"><\/div>\n  <div class=\"layer-content\">\n        <div\r\n        class=\"element element_0  element-media \">\r\n        <a target=\"_self\" href=\"https:\/\/www.zupa-ubdm-biskupec.hr\/?p=20641\"><img decoding=\"async\" width=\"150\" height=\"130\" src=\"https:\/\/www.zupa-ubdm-biskupec.hr\/wp-content\/uploads\/2023\/06\/pricest-2.jpg\" class=\"attachment-large size-large wp-post-image\" alt=\"\" \/><\/a>    <\/div>\r\n    <div class=\"element element_1  title_link \">\r\n                    <a target=\"\"\r\n                href=\"https:\/\/www.zupa-ubdm-biskupec.hr\/?p=20641\">PRVA PRI\u010cEST<\/a>\r\n            <\/div>\r\n    <div class=\"element element_2  excerpt \">\r\n        ::: VIJESTI ::: Idu\u0107e nedjelje, IV. vazmene, 26. travnja 2026., na sv. misi u 11 sati, 35-oro djece, uglavnom na\u0161ih            <\/div>\r\n            <a class=\"element element_3  read_more \"\r\n            target=\"\"\r\n            href=\"https:\/\/www.zupa-ubdm-biskupec.hr\/?p=20641\"><\/a>\r\n      <\/div>\n    <\/div>\n  <\/div><div class=\"item item-20631 skin flat odd 1 \">\n        <div class=\"layer-wrapper layout-\">\n        <div class=\"layer-media\"><\/div>\n  <div class=\"layer-content\">\n        <div\r\n        class=\"element element_0  element-media \">\r\n        <a target=\"_self\" href=\"https:\/\/www.zupa-ubdm-biskupec.hr\/?p=20631\"><img fetchpriority=\"high\" decoding=\"async\" width=\"475\" height=\"348\" src=\"https:\/\/www.zupa-ubdm-biskupec.hr\/wp-content\/uploads\/2023\/06\/roditeljski-2.jpg\" class=\"attachment-large size-large wp-post-image\" alt=\"\" \/><\/a>    <\/div>\r\n    <div class=\"element element_1  title_link \">\r\n                    <a target=\"\"\r\n                href=\"https:\/\/www.zupa-ubdm-biskupec.hr\/?p=20631\">SASTANK S RODITELJIMA<\/a>\r\n            <\/div>\r\n    <div class=\"element element_2  excerpt \">\r\n        ::: VIJESTI ::: \u2022 Sastanak \u017eupnika i vjerou\u010diteljice s roditeljima kandidata za prvu pri\u010dest bit \u0107e u utorak, 14. travnja            <\/div>\r\n            <a class=\"element element_3  read_more \"\r\n            target=\"\"\r\n            href=\"https:\/\/www.zupa-ubdm-biskupec.hr\/?p=20631\"><\/a>\r\n      <\/div>\n    <\/div>\n  <\/div><div class=\"item item-20617 skin flat even 2 \">\n        <div class=\"layer-wrapper layout-\">\n        <div class=\"layer-media\"><\/div>\n  <div class=\"layer-content\">\n        <div\r\n        class=\"element element_0  element-media \">\r\n        <a target=\"_self\" href=\"https:\/\/www.zupa-ubdm-biskupec.hr\/?p=20617\"><img decoding=\"async\" width=\"200\" height=\"133\" src=\"https:\/\/www.zupa-ubdm-biskupec.hr\/wp-content\/uploads\/2023\/06\/svijeca-3.jpg\" class=\"attachment-large size-large wp-post-image\" alt=\"\" \/><\/a>    <\/div>\r\n    <div class=\"element element_1  title_link \">\r\n                    <a target=\"\"\r\n                href=\"https:\/\/www.zupa-ubdm-biskupec.hr\/?p=20617\">SVIJE\u0106E ZA PROCESIJU<\/a>\r\n            <\/div>\r\n    <div class=\"element element_2  excerpt \">\r\n        ::: VIJESTI ::: \u2022 Svije\u0107e za procesiju na kraju Vazmenog bdjenja mo\u0107i \u0107ete kupiti u crkvi. Prihod od prodaje namijenjen            <\/div>\r\n            <a class=\"element element_3  read_more \"\r\n            target=\"\"\r\n            href=\"https:\/\/www.zupa-ubdm-biskupec.hr\/?p=20617\"><\/a>\r\n      <\/div>\n    <\/div>\n  <\/div>    <\/div>\n    <div class=\"pagination\">\n      <div class=\"paginate\">\n    <span aria-current=\"page\" class=\"page-numbers current\">1<\/span>\n<a class=\"page-numbers\" href=\"https:\/\/www.zupa-ubdm-biskupec.hr\/index.php?rest_route=%2Fwp%2Fv2%2Fpages%2F8466&#038;paged=2\">2<\/a>\n<a class=\"page-numbers\" href=\"https:\/\/www.zupa-ubdm-biskupec.hr\/index.php?rest_route=%2Fwp%2Fv2%2Fpages%2F8466&#038;paged=3\">3<\/a>\n<span class=\"page-numbers dots\">&hellip;<\/span>\n<a class=\"page-numbers\" href=\"https:\/\/www.zupa-ubdm-biskupec.hr\/index.php?rest_route=%2Fwp%2Fv2%2Fpages%2F8466&#038;paged=14\">14<\/a>\n<a class=\"next page-numbers\" href=\"https:\/\/www.zupa-ubdm-biskupec.hr\/index.php?rest_route=%2Fwp%2Fv2%2Fpages%2F8466&#038;paged=2\">Starije \u00bb<\/a>  <\/div>\n  <style type=\"text\/css\">\n    #post-grid-8464 .pagination .page-numbers {\n      font-size: 16px;\n      color: #eaeaea;\n      background: #4687bf;\n    }\n\n    #post-grid-8464 .pagination .page-numbers:hover,\n    #post-grid-8464 .pagination .page-numbers.current {\n      background: #31679e;\n    }\n  <\/style>\n  <\/div>\n      <script>\n          <\/script>\n    <style type=\"text\/css\">\n    #post-grid-8464 .element_0 {\n      display: block;font-size: 21px;line-height: normal;padding: 5px 10px;text-align: left; text-decoration: none;    }\n\n    #post-grid-8464 .element_1 {\n      display: block;font-size: 21px;line-height: normal;padding: 5px 10px;text-align: left; text-decoration: none;    }\n\n    #post-grid-8464 .element_2 {\n      display: block;font-size: 14px;padding: 5px 10px;text-align: left;    }\n\n    #post-grid-8464 .element_3 {\n      display: block;font-size: 12px;font-weight: bold;padding: 0 10px;text-align: left;text-decoration: none;    }\n\n    #post-grid-8464 .element_0:hover{}#post-grid-8464 .element_1:hover{}#post-grid-8464 .element_2:hover{}#post-grid-8464 .element_3:hover{}  <\/style>\n  <style type=\"text\/css\">\n    #post-grid-8464 {\n          }\n\n    #post-grid-8464 .item {\n      padding: 10px;\n      background: #8fa8c7;\n          }\n\n    #post-grid-8464 .item .layer-media {\n      height:auto;    }\n\n    @media only screen and (min-width: 0px) and (max-width: 767px) {\n      #post-grid-8464 .grid-items {\n        display: grid;\n        grid-template-columns: 1fr ;\n        column-gap: 20px;\n        row-gap: 20px;\n              }\n\n      #post-grid-8464 .item {\n        height:auto;      }\n    }\n\n    @media only screen and (min-width: 768px) and (max-width: 1023px) {\n      #post-grid-8464 .grid-items {\n        display: grid;\n        grid-template-columns: 1fr 1fr ;\n        column-gap: 20px;\n        row-gap: 20px;\n              }\n\n      #post-grid-8464 .item {\n        max-height:auto;      }\n    }\n\n    @media only screen and (min-width: 1024px) {\n      #post-grid-8464 .grid-items {\n        display: grid;\n        grid-template-columns: 1fr 1fr 1fr ;\n        column-gap: 20px;\n        row-gap: 20px;\n              }\n\n      #post-grid-8464 .item {\n        height:auto;      }\n    }\n\n      <\/style>\n  <\/div>\n<\/div>\n\t\t\t\t\t\t<\/div>\n\t\t\t\t<\/div>\n\t\t\t\t\t<\/div>\n\t\t<\/div>\n\t\t\t\t\t<\/div>\n\t\t<\/section>\n\t\t\t\t<\/div>\n\t\t","protected":false},"excerpt":{"rendered":"","protected":false},"author":1,"featured_media":0,"parent":0,"menu_order":0,"comment_status":"closed","ping_status":"closed","template":"","meta":{"footnotes":""},"class_list":["post-8466","page","type-page","status-publish","hentry"],"aioseo_notices":[],"_links":{"self":[{"href":"https:\/\/www.zupa-ubdm-biskupec.hr\/index.php?rest_route=\/wp\/v2\/pages\/8466","targetHints":{"allow":["GET"]}}],"collection":[{"href":"https:\/\/www.zupa-ubdm-biskupec.hr\/index.php?rest_route=\/wp\/v2\/pages"}],"about":[{"href":"https:\/\/www.zupa-ubdm-biskupec.hr\/index.php?rest_route=\/wp\/v2\/types\/page"}],"author":[{"embeddable":true,"href":"https:\/\/www.zupa-ubdm-biskupec.hr\/index.php?rest_route=\/wp\/v2\/users\/1"}],"replies":[{"embeddable":true,"href":"https:\/\/www.zupa-ubdm-biskupec.hr\/index.php?rest_route=%2Fwp%2Fv2%2Fcomments&post=8466"}],"version-history":[{"count":33,"href":"https:\/\/www.zupa-ubdm-biskupec.hr\/index.php?rest_route=\/wp\/v2\/pages\/8466\/revisions"}],"predecessor-version":[{"id":8503,"href":"https:\/\/www.zupa-ubdm-biskupec.hr\/index.php?rest_route=\/wp\/v2\/pages\/8466\/revisions\/8503"}],"wp:attachment":[{"href":"https:\/\/www.zupa-ubdm-biskupec.hr\/index.php?rest_route=%2Fwp%2Fv2%2Fmedia&parent=8466"}],"curies":[{"name":"wp","href":"https:\/\/api.w.org\/{rel}","templated":true}]}}