


{"id":7251,"date":"2024-01-15T11:09:24","date_gmt":"2024-01-15T10:09:24","guid":{"rendered":"https:\/\/www.zupa-ubdm-biskupec.hr\/?page_id=7251"},"modified":"2024-01-15T11:19:15","modified_gmt":"2024-01-15T10:19:15","slug":"majka-bozja-biskupecka","status":"publish","type":"page","link":"https:\/\/www.zupa-ubdm-biskupec.hr\/?page_id=7251","title":{"rendered":"Majka Bo\u017eja Bi\u0161kupe\u010dka"},"content":{"rendered":"\t\t<div data-elementor-type=\"wp-page\" data-elementor-id=\"7251\" class=\"elementor elementor-7251\">\n\t\t\t\t\t\t<section class=\"elementor-section elementor-top-section elementor-element elementor-element-3029be45 elementor-section-content-middle elementor-section-boxed elementor-section-height-default elementor-section-height-default\" data-id=\"3029be45\" data-element_type=\"section\" data-e-type=\"section\" data-settings=\"{&quot;background_background&quot;:&quot;classic&quot;}\">\n\t\t\t\t\t\t\t<div class=\"elementor-background-overlay\"><\/div>\n\t\t\t\t\t\t\t<div class=\"elementor-container elementor-column-gap-no\">\n\t\t\t\t\t<div class=\"elementor-column elementor-col-100 elementor-top-column elementor-element elementor-element-1f6b7960\" data-id=\"1f6b7960\" data-element_type=\"column\" data-e-type=\"column\">\n\t\t\t<div class=\"elementor-widget-wrap elementor-element-populated\">\n\t\t\t\t\t\t<div class=\"elementor-element elementor-element-5c7b53be elementor-widget elementor-widget-heading\" data-id=\"5c7b53be\" data-element_type=\"widget\" data-e-type=\"widget\" data-widget_type=\"heading.default\">\n\t\t\t\t<div class=\"elementor-widget-container\">\n\t\t\t\t\t<h2 class=\"elementor-heading-title elementor-size-default\">\"MAJKA BO\u017dJA VU BESGOVINI\"<\/h2>\t\t\t\t<\/div>\n\t\t\t\t<\/div>\n\t\t\t\t\t<\/div>\n\t\t<\/div>\n\t\t\t\t\t<\/div>\n\t\t<\/section>\n\t\t\t\t<section class=\"elementor-section elementor-top-section elementor-element elementor-element-4521b93c elementor-section-content-middle elementor-section-full_width elementor-section-height-min-height elementor-section-height-default elementor-section-items-middle\" data-id=\"4521b93c\" data-element_type=\"section\" data-e-type=\"section\">\n\t\t\t\t\t\t<div class=\"elementor-container elementor-column-gap-no\">\n\t\t\t\t\t<div class=\"elementor-column elementor-col-100 elementor-top-column elementor-element elementor-element-43d0c685\" data-id=\"43d0c685\" data-element_type=\"column\" data-e-type=\"column\">\n\t\t\t<div class=\"elementor-widget-wrap elementor-element-populated\">\n\t\t\t\t\t\t<div class=\"elementor-element elementor-element-49598a15 elementor-widget-divider--view-line elementor-widget elementor-widget-divider\" data-id=\"49598a15\" data-element_type=\"widget\" data-e-type=\"widget\" data-widget_type=\"divider.default\">\n\t\t\t\t<div class=\"elementor-widget-container\">\n\t\t\t\t\t\t\t<div class=\"elementor-divider\">\n\t\t\t<span class=\"elementor-divider-separator\">\n\t\t\t\t\t\t<\/span>\n\t\t<\/div>\n\t\t\t\t\t\t<\/div>\n\t\t\t\t<\/div>\n\t\t\t\t\t<\/div>\n\t\t<\/div>\n\t\t\t\t\t<\/div>\n\t\t<\/section>\n\t\t\t\t<section class=\"elementor-section elementor-top-section elementor-element elementor-element-42a9dd0a elementor-section-boxed elementor-section-height-default elementor-section-height-default\" data-id=\"42a9dd0a\" data-element_type=\"section\" data-e-type=\"section\">\n\t\t\t\t\t\t<div class=\"elementor-container elementor-column-gap-default\">\n\t\t\t\t\t<div class=\"elementor-column elementor-col-50 elementor-top-column elementor-element elementor-element-24efe507\" data-id=\"24efe507\" data-element_type=\"column\" data-e-type=\"column\">\n\t\t\t<div class=\"elementor-widget-wrap elementor-element-populated\">\n\t\t\t\t\t\t<div class=\"elementor-element elementor-element-441dc515 elementor-widget__width-initial elementor-widget elementor-widget-image\" data-id=\"441dc515\" data-element_type=\"widget\" data-e-type=\"widget\" data-widget_type=\"image.default\">\n\t\t\t\t<div class=\"elementor-widget-container\">\n\t\t\t\t\t\t\t\t\t\t\t\t\t\t\t<img fetchpriority=\"high\" decoding=\"async\" width=\"321\" height=\"450\" src=\"https:\/\/www.zupa-ubdm-biskupec.hr\/wp-content\/uploads\/2023\/06\/mbb_321_450_100-1.jpg\" class=\"attachment-full size-full wp-image-4910\" alt=\"\" srcset=\"https:\/\/www.zupa-ubdm-biskupec.hr\/wp-content\/uploads\/2023\/06\/mbb_321_450_100-1.jpg 321w, https:\/\/www.zupa-ubdm-biskupec.hr\/wp-content\/uploads\/2023\/06\/mbb_321_450_100-1-214x300.jpg 214w\" sizes=\"(max-width: 321px) 100vw, 321px\" \/>\t\t\t\t\t\t\t\t\t\t\t\t\t\t\t<\/div>\n\t\t\t\t<\/div>\n\t\t\t\t<div class=\"elementor-element elementor-element-23a8250 elementor-widget elementor-widget-text-editor\" data-id=\"23a8250\" data-element_type=\"widget\" data-e-type=\"widget\" data-widget_type=\"text-editor.default\">\n\t\t\t\t<div class=\"elementor-widget-container\">\n\t\t\t\t\t\t\t\t\t<p style=\"text-align: left;\">Slika 1. Majka Bo\u017eja Bi\u0161kupe\u010dka obu\u010dena u sve\u010danu ruho<\/p>\t\t\t\t\t\t\t\t<\/div>\n\t\t\t\t<\/div>\n\t\t\t\t<div class=\"elementor-element elementor-element-5efe553 elementor-widget elementor-widget-text-editor\" data-id=\"5efe553\" data-element_type=\"widget\" data-e-type=\"widget\" data-widget_type=\"text-editor.default\">\n\t\t\t\t<div class=\"elementor-widget-container\">\n\t\t\t\t\t\t\t\t\t<p style=\"text-align: justify;\">Kao i Majka Bo\u017eja Bi\u0161kupe\u010dka tako je i dana\u0161nja Bi\u0161kupe\u010dka ulica nekad dobile ime po drvetu bazge kojeg je u ovom kraju bilo mnogo te se zvala Besgova vulica. Tada\u0161nji \u017eupljani bili su obrtnici &#8220;\u010di\u017emari&#8221;, pa su uzgajali bazgu te iz njezinog ploda &#8211; crnih bobica, pravili crnu boju kojom su premazivali ko\u017eu za \u010dizme. Do osamdesetih godina pro\u0161log stolje\u0107a, slika Majke Bo\u017eje Bi\u0161kupe\u010dke na oltaru bila je obu\u0107ena u bijelo sve\u010dano ruhu. Onda\u0161njom restauracijom odijelo joj je bilo skinuto, te je ona prikazana u svome punome sjaju kako je i danas vidimo.<\/p>\t\t\t\t\t\t\t\t<\/div>\n\t\t\t\t<\/div>\n\t\t\t\t\t<\/div>\n\t\t<\/div>\n\t\t\t\t<div class=\"elementor-column elementor-col-50 elementor-top-column elementor-element elementor-element-42c4e4b2\" data-id=\"42c4e4b2\" data-element_type=\"column\" data-e-type=\"column\">\n\t\t\t<div class=\"elementor-widget-wrap elementor-element-populated\">\n\t\t\t\t\t\t<div class=\"elementor-element elementor-element-73bdd732 elementor-widget elementor-widget-text-editor\" data-id=\"73bdd732\" data-element_type=\"widget\" data-e-type=\"widget\" data-widget_type=\"text-editor.default\">\n\t\t\t\t<div class=\"elementor-widget-container\">\n\t\t\t\t\t\t\t\t\t<p>Tada\u0161nji \u017eupljani bili su obrtnici &#8220;\u010di\u017emari&#8221;, pa su uzgajali bazgu te iz njezinog ploda &#8211; crnih bobica, pravili crnu boju kojom su premazivali ko\u017eu za \u010dizme. Do osamdesetih godina pro\u0161log stolje\u0107a, slika Majke Bo\u017eje Bi\u0161kupe\u010dke na oltaru bila je obu\u0107ena u bijelo sve\u010dano ruhu. Onda\u0161njom restauracijomodijelo joj je bilo skinuto, te je ona prikazana u svome punome sjaju kako je i danas vidimo.<\/p>\t\t\t\t\t\t\t\t<\/div>\n\t\t\t\t<\/div>\n\t\t\t\t<div class=\"elementor-element elementor-element-2c42591a elementor-widget elementor-widget-image\" data-id=\"2c42591a\" data-element_type=\"widget\" data-e-type=\"widget\" data-widget_type=\"image.default\">\n\t\t\t\t<div class=\"elementor-widget-container\">\n\t\t\t\t\t\t\t\t\t\t\t\t\t\t\t<img decoding=\"async\" src=\"https:\/\/www.zupa-ubdm-biskupec.hr\/wp-content\/uploads\/elementor\/thumbs\/mbb_bijelo_m-1-q7uigc6pphchix9h0svrn0uya8wbdqzwt8fbuq263c.png\" title=\"mbb_bijelo_m\" alt=\"mbb_bijelo_m\" loading=\"lazy\" \/>\t\t\t\t\t\t\t\t\t\t\t\t\t\t\t<\/div>\n\t\t\t\t<\/div>\n\t\t\t\t\t<\/div>\n\t\t<\/div>\n\t\t\t\t\t<\/div>\n\t\t<\/section>\n\t\t\t\t<section class=\"elementor-section elementor-top-section elementor-element elementor-element-47bf040b elementor-section-full_width elementor-section-height-default elementor-section-height-default\" data-id=\"47bf040b\" data-element_type=\"section\" data-e-type=\"section\">\n\t\t\t\t\t\t<div class=\"elementor-container elementor-column-gap-no\">\n\t\t\t\t\t<div class=\"elementor-column elementor-col-100 elementor-top-column elementor-element elementor-element-3a3db469\" data-id=\"3a3db469\" data-element_type=\"column\" data-e-type=\"column\">\n\t\t\t<div class=\"elementor-widget-wrap elementor-element-populated\">\n\t\t\t\t\t\t<div class=\"elementor-element elementor-element-ae49a28 elementor-widget-divider--view-line elementor-widget elementor-widget-divider\" data-id=\"ae49a28\" data-element_type=\"widget\" data-e-type=\"widget\" data-widget_type=\"divider.default\">\n\t\t\t\t<div class=\"elementor-widget-container\">\n\t\t\t\t\t\t\t<div class=\"elementor-divider\">\n\t\t\t<span class=\"elementor-divider-separator\">\n\t\t\t\t\t\t<\/span>\n\t\t<\/div>\n\t\t\t\t\t\t<\/div>\n\t\t\t\t<\/div>\n\t\t\t\t\t<\/div>\n\t\t<\/div>\n\t\t\t\t\t<\/div>\n\t\t<\/section>\n\t\t\t\t<\/div>\n\t\t","protected":false},"excerpt":{"rendered":"<p>&#8220;MAJKA BO\u017dJA VU BESGOVINI&#8221; Slika 1. Majka Bo\u017eja Bi\u0161kupe\u010dka obu\u010dena u sve\u010danu ruho Kao i Majka Bo\u017eja Bi\u0161kupe\u010dka tako [&hellip;]<\/p>\n","protected":false},"author":1,"featured_media":0,"parent":0,"menu_order":0,"comment_status":"closed","ping_status":"closed","template":"elementor_header_footer","meta":{"footnotes":""},"class_list":["post-7251","page","type-page","status-publish","hentry"],"aioseo_notices":[],"_links":{"self":[{"href":"https:\/\/www.zupa-ubdm-biskupec.hr\/index.php?rest_route=\/wp\/v2\/pages\/7251","targetHints":{"allow":["GET"]}}],"collection":[{"href":"https:\/\/www.zupa-ubdm-biskupec.hr\/index.php?rest_route=\/wp\/v2\/pages"}],"about":[{"href":"https:\/\/www.zupa-ubdm-biskupec.hr\/index.php?rest_route=\/wp\/v2\/types\/page"}],"author":[{"embeddable":true,"href":"https:\/\/www.zupa-ubdm-biskupec.hr\/index.php?rest_route=\/wp\/v2\/users\/1"}],"replies":[{"embeddable":true,"href":"https:\/\/www.zupa-ubdm-biskupec.hr\/index.php?rest_route=%2Fwp%2Fv2%2Fcomments&post=7251"}],"version-history":[{"count":23,"href":"https:\/\/www.zupa-ubdm-biskupec.hr\/index.php?rest_route=\/wp\/v2\/pages\/7251\/revisions"}],"predecessor-version":[{"id":7275,"href":"https:\/\/www.zupa-ubdm-biskupec.hr\/index.php?rest_route=\/wp\/v2\/pages\/7251\/revisions\/7275"}],"wp:attachment":[{"href":"https:\/\/www.zupa-ubdm-biskupec.hr\/index.php?rest_route=%2Fwp%2Fv2%2Fmedia&parent=7251"}],"curies":[{"name":"wp","href":"https:\/\/api.w.org\/{rel}","templated":true}]}}